actors of 9534?
2, 3, 7, 227
List the prime factors of 54365.
5, 83, 131
What are the prime factors of 7131?
3, 2377
List the prime factors of 16516.
2, 4129
What are the prime factors of 1148?
2, 7, 41
What are the prime factors of 76058?
2, 17, 2237
What are the prime factors of 39159?
3, 19, 229
What are the prime factors of 3304?
2, 7, 59
What are the prime factors of 373?
373
List the prime factors of 10934.
2, 7, 11, 71
What are the prime factors of 13800?
2, 3, 5, 23
List the prime factors of 17713.
17713
List the prime factors of 148792.
2, 7, 2657
What are the prime factors of 25392?
2, 3, 23
What are the prime factors of 52214?
2, 26107
What are the prime factors of 50190?
2, 3, 5, 7, 239
List the prime factors of 675.
3, 5
What are the prime factors of 6351?
3, 29, 73
What are the prime factors of 653?
653
List the prime factors of 129766.
2, 7, 13, 23, 31
List the prime factors of 169156.
2, 13, 3253
List the prime factors of 1060.
2, 5, 53
List the prime factors of 5793.
3, 1931
What are the prime factors of 1826?
2, 11, 83
List the prime factors of 1060.
2, 5, 53
What are the prime factors of 52064?
2, 1627
What are the prime factors of 13179?
3, 23, 191
What are the prime factors of 778?
2, 389
List the prime factors of 2173.
41, 53
What are the prime factors of 8227?
19, 433
List the prime factors of 23252.
2, 5813
What are the prime factors of 31009?
11, 2819
What are the prime factors of 37481?
37, 1013
List the prime factors of 8880.
2, 3, 5, 37
List the prime factors of 30006.
2, 3, 1667
List the prime factors of 4286.
2, 2143
What are the prime factors of 17825?
5, 23, 31
What are the prime factors of 646?
2, 17, 19
What are the prime factors of 87166?
2, 41, 1063
What are the prime factors of 219?
3, 73
List the prime factors of 2297.
2297
List the prime factors of 39145.
5, 7829
List the prime factors of 2239.
2239
What are the prime factors of 56234?
2, 31, 907
What are the prime factors of 112360?
2, 5, 53
List the prime factors of 1924.
2, 13, 37
List the prime factors of 46869.
3, 17, 919
List the prime factors of 2018.
2, 1009
List the prime factors of 884.
2, 13, 17
List the prime factors of 48070.
2, 5, 11, 19, 23
List the prime factors of 5210.
2, 5, 521
What are the prime factors of 634?
2, 317
List the prime factors of 6110.
2, 5, 13, 47
List the prime factors of 420.
2, 3, 5, 7
What are the prime factors of 487?
487
List the prime factors of 2726.
2, 29, 47
What are the prime factors of 16613?
37, 449
List the prime factors of 5677.
7, 811
What are the prime factors of 7195?
5, 1439
List the prime factors of 6167.
7, 881
List the prime factors of 51.
3, 17
List the prime factors of 8629.
8629
What are the prime factors of 19199?
73, 263
What are the prime factors of 47737?
47737
What are the prime factors of 917?
7, 131
What are the prime factors of 24821?
24821
What are the prime factors of 935?
5, 11, 17
List the prime factors of 80807.
19, 4253
What are the prime factors of 4658?
2, 17, 137
List the prime factors of 31285.
5, 6257
What are the prime factors of 841?
29
What are the prime factors of 5754?
2, 3, 7, 137
What are the prime factors of 11803?
11, 29, 37
What are the prime factors of 278?
2, 139
List the prime factors of 445.
5, 89
What are the prime factors of 25?
5
List the prime factors of 3559.
3559
List the prime factors of 28447.
28447
List the prime factors of 1318.
2, 659
List the prime factors of 8261.
11, 751
What are the prime factors of 78115?
5, 17, 919
What are the prime factors of 1140?
2, 3, 5, 19
What are the prime factors of 705?
3, 5, 47
What are the prime factors of 37139?
37139
List the prime factors of 1076.
2, 269
List the prime factors of 5298.
2, 3, 883
What are the prime factors of 147586?
2, 109, 677
What are the prime factors of 4354?
2, 7, 311
List the prime factors of 4419.
3, 491
What are the prime factors of 2117?
29, 73
What are the prime factors of 2421?
3, 269
List the prime factors of 73.
73
List the prime factors of 1045.
5, 11, 19
List the prime factors of 911.
911
What are the prime factors of 22026?
2, 3, 3671
What are the prime factors of 1764?
2, 3, 7
What are the prime factors of 111703?
37, 3019
What are the prime factors of 6570?
2, 3, 5, 73
What are the prime factors of 552?
2, 3, 23
What are the prime factors of 1519?
7, 31
What are the prime factors of 1796?
2, 449
What are the prime factors of 4549?
4549
What are the prime factors of 20851?
29, 719
List the prime factors of 1352.
2, 13
List the prime factors of 15095.
5, 3019
List the prime factors of 18422.
2, 61, 151
What are the prime factors of 1673?
7, 239
What are the prime factors of 915?
3, 5, 61
What are the prime factors of 591?
3, 197
List the prime factors of 1974.
2, 3, 7, 47
List the prime factors of 202.
2, 101
List the prime factors of 13343.
11, 1213
List the prime factors of 10117.
67, 151
List the prime factors of 5973.
3, 11, 181
List the prime factors of 5260.
2, 5, 263
List the prime factors of 2030.
2, 5, 7, 29
What are the prime factors of 67300?
2, 5, 673
What are the prime factors of 13599?
3, 1511
List the prime factors of 513.
3, 19
What are the prime factors of 1735?
5, 347
What are the prime factors of 115743?
3, 41, 941
What are the prime factors of 1399?
1399
List the prime factors of 18398.
2, 9199
What are the prime factors of 2307?
3, 769
List the prime factors of 2711.
2711
List the prime factors of 53114.
2, 26557
What are the prime factors of 1149?
3, 383
What are the prime factors of 11523?
3, 23, 167
What are the prime factors of 13938?
2, 3, 23, 101
List the prime factors of 20674.
2, 10337
List the prime factors of 26600.
2, 5, 7, 19
What are the prime factors of 39880?
2, 5, 997
What are the prime factors of 278?
2, 139
What are the prime factors of 97908?
2, 3, 41, 199
List the prime factors of 33330.
2, 3, 5, 11, 101
What are the prime factors of 38633?
7, 5519
What are the prime factors of 22742?
2, 83, 137
List the prime factors of 395.
5, 79
List the prime factors of 56623.
7, 8089
What are the prime factors of 33618?
2, 3, 13, 431
What are the prime factors of 46573?
46573
List the prime factors of 2820.
2, 3, 5, 47
What are the prime factors of 104298?
2, 3, 17383
List the prime factors of 283.
283
What are the prime factors of 17?
17
List the prime factors of 1242.
2, 3, 23
What are the prime factors of 2473?
2473
What are the prime factors of 3141?
3, 349
List the prime factors of 17534.
2, 11, 797
List the prime factors of 1425.
3, 5, 19
List the prime factors of 2653.
7, 379
List the prime factors of 13995.
3, 5, 311
List the prime factors of 443.
443
What are the prime factors of 1334?
2, 23, 29
List the prime factors of 2115.
3, 5, 47
List the prime factors of 1104.
2, 3, 23
List the prime factors of 26793.
3, 13, 229
List the prime factors of 6320.
2, 5, 79
What are the prime factors of 9808?
2, 613
List the prime factors of 48531.
3, 7, 2311
What are the prime factors of 7264?
2, 227
List the prime factors of 20654.
2, 23, 449
List the prime factors of 17666.
2, 11, 73
List the prime factors of 5683.
5683
List the prime factors of 14784.
2, 3, 7, 11
List the prime factors of 11706.
2, 3, 1951
What are the prime factors of 53510?
2, 5, 5351
List the prime factors of 3103.
29, 107
List the prime factors of 11072.
2, 173
List the prime factors of 1404.
2, 3, 13
What are the prime factors of 1647?
3, 61
List the prime factors of 2009.
7, 41
What are the prime factors of 38316?
2, 3, 31, 103
List the prime factors of 9443.
7, 19, 71
What are the prime factors of 12030?
2, 3, 5, 401
List the prime factors of 55377.
3, 7, 293
What are the prime factors of 2552?
2, 11, 29
What are the prime factors of 18540?
2, 3, 5, 103
List the prime factors of 1604.
2, 401
List the prime factors of 709.
709
List the prime factors of 357.
3, 7, 17
List the prime factors of 9575.
5, 383
List the prime factors of 19611.
3, 2179
List the prime factors of 9604.
2, 7
List the prime factors of 129742.
2, 64871
List the prime factors of 8318.
2, 4159
List the prime factors of 1670.
2, 5, 167
List the prime factors of 106391.
106391
What are the prime factors of 54396?
2, 3, 1511
List the prime factors of 8391.
3, 2797
List the prime factors of 115708.
2, 28927
What ar